the tens digit of 7254?
5
What is the tens digit of 5974?
7
What is the thousands digit of 5489?
5
What is the tens digit of 3277?
7
What is the units digit of 5079?
9
What is the thousands digit of 6253?
6
What is the hundreds digit of 12989?
9
What is the thousands digit of 157642?
7
What is the hundreds digit of 3546?
5
What is the units digit of 468?
8
What is the hundreds digit of 53346?
3
What is the ten thousands digit of 56564?
5
What is the hundreds digit of 5552?
5
What is the tens digit of 43103?
0
What is the units digit of 388?
8
What is the hundreds digit of 57443?
4
What is the hundreds digit of 87520?
5
What is the hundreds digit of 133?
1
What is the hundreds digit of 2738?
7
What is the hundreds digit of 1779?
7
What is the units digit of 25?
5
What is the units digit of 801?
1
What is the hundreds digit of 22059?
0
What is the units digit of 66423?
3
What is the ten thousands digit of 40295?
4
What is the tens digit of 26800?
0
What is the hundreds digit of 11821?
8
What is the thousands digit of 7423?
7
What is the units digit of 22040?
0
What is the tens digit of 753?
5
What is the ten thousands digit of 42752?
4
What is the thousands digit of 11839?
1
What is the units digit of 8493?
3
What is the units digit of 1362?
2
What is the hundreds digit of 3757?
7
What is the tens digit of 1820?
2
What is the tens digit of 86688?
8
What is the hundreds digit of 3620?
6
What is the units digit of 790?
0
What is the units digit of 18367?
7
What is the tens digit of 5639?
3
What is the units digit of 9187?
7
What is the hundred thousands digit of 134219?
1
What is the tens digit of 327?
2
What is the tens digit of 19486?
8
What is the hundreds digit of 904?
9
What is the hundreds digit of 28763?
7
What is the tens digit of 379?
7
What is the units digit of 1406?
6
What is the units digit of 1228?
8
What is the tens digit of 27032?
3
What is the units digit of 2360?
0
What is the thousands digit of 3747?
3
What is the units digit of 773?
3
What is the hundred thousands digit of 174706?
1
What is the units digit of 3219?
9
What is the tens digit of 178?
7
What is the units digit of 13470?
0
What is the units digit of 1820?
0
What is the thousands digit of 61336?
1
What is the hundred thousands digit of 162693?
1
What is the thousands digit of 3852?
3
What is the units digit of 50390?
0
What is the tens digit of 10439?
3
What is the thousands digit of 5080?
5
What is the units digit of 6968?
8
What is the tens digit of 67654?
5
What is the hundreds digit of 573?
5
What is the thousands digit of 2676?
2
What is the ten thousands digit of 30436?
3
What is the tens digit of 871?
7
What is the units digit of 5387?
7
What is the hundreds digit of 1348?
3
What is the thousands digit of 2088?
2
What is the units digit of 18839?
9
What is the hundreds digit of 2045?
0
What is the thousands digit of 12816?
2
What is the units digit of 814?
4
What is the tens digit of 6954?
5
What is the tens digit of 961?
6
What is the tens digit of 638?
3
What is the hundreds digit of 1426?
4
What is the units digit of 12035?
5
What is the thousands digit of 152768?
2
What is the hundreds digit of 5567?
5
What is the ten thousands digit of 26694?
2
What is the units digit of 8481?
1
What is the hundreds digit of 1724?
7
What is the ten thousands digit of 14940?
1
What is the hundreds digit of 19529?
5
What is the thousands digit of 1095?
1
What is the tens digit of 258?
5
What is the units digit of 10131?
1
What is the tens digit of 81899?
9
What is the tens digit of 139962?
6
What is the units digit of 11029?
9
What is the hundreds digit of 907?
9
What is the tens digit of 524?
2
What is the thousands digit of 38656?
8
What is the tens digit of 5291?
9
What is the units digit of 340?
0
What is the units digit of 845?
5
What is the tens digit of 4986?
8
What is the units digit of 21094?
4
What is the thousands digit of 141364?
1
What is the units digit of 28856?
6
What is the hundreds digit of 22816?
8
What is the tens digit of 2001?
0
What is the thousands digit of 17939?
7
What is the ten thousands digit of 11895?
1
What is the hundreds digit of 667?
6
What is the tens digit of 4822?
2
What is the hundreds digit of 112177?
1
What is the hundreds digit of 572?
5
What is the hundreds digit of 3456?
4
What is the thousands digit of 6781?
6
What is the units digit of 11941?
1
What is the tens digit of 483?
8
What is the hundreds digit of 888?
8
What is the tens digit of 35421?
2
What is the thousands digit of 32994?
2
What is the thousands digit of 3523?
3
What is the hundred thousands digit of 146390?
1
What is the tens digit of 189?
8
What is the tens digit of 127?
2
What is the tens digit of 6339?
3
What is the hundreds digit of 14527?
5
What is the hundreds digit of 42230?
2
What is the ten thousands digit of 52430?
5
What is the units digit of 407?
7
What is the thousands digit of 16091?
6
What is the thousands digit of 17512?
7
What is the tens digit of 626?
2
What is the tens digit of 6641?
4
What is the tens digit of 3992?
9
What is the hundreds digit of 26674?
6
What is the hundreds digit of 12865?
8
What is the tens digit of 10288?
8
What is the thousands digit of 121691?
1
What is the tens digit of 31848?
4
What is the tens digit of 230?
3
What is the hundreds digit of 385?
3
What is the tens digit of 156091?
9
What is the thousands digit of 3400?
3
What is the units digit of 716?
6
What is the hundreds digit of 868?
8
What is the tens digit of 10422?
2
What is the hundreds digit of 17696?
6
What is the hundreds digit of 540?
5
What is the tens digit of 22768?
6
What is the ten thousands digit of 20612?
2
What is the tens digit of 5775?
7
What is the hundreds digit of 14481?
4
What is the ten thousands digit of 10048?
1
What is the thousands digit of 1920?
1
What is the tens digit of 640?
4
What is the thousands digit of 6236?
6
What is the hundreds digit of 9894?
8
What is the tens digit of 5545?
4
What is the tens digit of 7728?
2
What is the tens digit of 27252?
5
What is the units digit of 47688?
8
What is the units digit of 2682?
2
What is the units digit of 5715?
5
What is the tens digit of 6111?
1
What is the ten thousands digit of 46513?
4
What is the units digit of 3419?
9
What is the hundreds digit of 2466?
4
What is the units digit of 6904?
4
What is the hundreds digit of 5158?
1
What is the thousands digit of 36422?
6
What is the tens digit of 4050?
5
What is the tens digit of 1949?
4
What is the ten thousands digit of 24359?
2
What is the thousands digit of 59517?
9
What is the hundreds digit of 31295?
2
What is the tens digit of 91862?
6
What is the thousands digit of 17785?
7
What is the units digit of 7718?
8
What is the hundreds digit of 72365?
3
What is the hundred thousands digit of 137543?
1
What is the tens digit of 142957?
5
What is the hundreds digit of 89851?
8
What is the tens digit of 33259?
5
What is the units digit of 86705?
5
What is the thousands digit of 2058?
2
What is the hundreds digit of 5159?
1
What is the thousands digit of 10116?
0
What is the hundreds digit of 95717?
7
What is the ten thousands digit of 41355?
4
What is the hundreds digit of 91744?
7
What is the ten thousands digit of 56045?
5
What is the thousands digit of 34197?
4
What is the units digit of 802?
2
What is the hundreds digit of 1018?
0
What is the units digit of 589?
9
What is the tens digit of 181?
8
What is the hundreds digit of 3015?
0
What is the units digit of 18831?
1
What is the tens digit of 6020?
2
What is the units digit of 612?
2
What is the hundreds digit of 2354?
3
What is the units digit of 58398?
8
What is the hundreds digit of 38840?
8
What is the hundreds digit of 92991?
9
What is the tens digit of 3481?
8
What is the thousands digit of 41077?
1
What is the ten thousands digit of 23528?
2
What is the hundreds digit of 3742?
7
What is the hundreds digit of 5287?
2
What is the tens digit of 9038?
3
What is the thousands digit of 17020?
7
What is the tens digit of 15531?
3
What is the units digit of 3668?
8
What is the units digit of 843?
3
What is the hundreds digit of 6336?
3
What is the units digit of 3870?
0
What is the thousands digit of 7720?
7
What is the thousands digit of 78719?
8
What is the tens digit of 1979?
7
Wh